{"id":52,"date":"2019-02-14T11:56:02","date_gmt":"2019-02-14T11:56:02","guid":{"rendered":"http:\/\/jornadaslecheras.com.ar\/leche\/?page_id=52"},"modified":"2021-04-26T14:28:54","modified_gmt":"2021-04-26T14:28:54","slug":"programa","status":"publish","type":"page","link":"http:\/\/jornadaslecheras.com.ar\/leche\/programa\/","title":{"rendered":"Programa"},"content":{"rendered":"\t\t<div data-elementor-type=\"wp-post\" data-elementor-id=\"52\" class=\"elementor elementor-52\">\n\t\t\t\t\t\t<section class=\"elementor-section elementor-top-section elementor-element elementor-element-682c5fe elementor-section-boxed elementor-section-height-default elementor-section-height-default\" data-id=\"682c5fe\" data-element_type=\"section\" data-e-type=\"section\">\n\t\t\t\t\t\t<div class=\"elementor-container elementor-column-gap-default\">\n\t\t\t\t\t<div class=\"elementor-column elementor-col-100 elementor-top-column elementor-element elementor-element-1b34fbb\" data-id=\"1b34fbb\" data-element_type=\"column\" data-e-type=\"column\">\n\t\t\t<div class=\"elementor-widget-wrap elementor-element-populated\">\n\t\t\t\t\t\t<div class=\"elementor-element elementor-element-cb02097 elementor-widget elementor-widget-spacer\" data-id=\"cb02097\" data-element_type=\"widget\" data-e-type=\"widget\" data-widget_type=\"spacer.default\">\n\t\t\t\t<div class=\"elementor-widget-container\">\n\t\t\t\t\t\t\t<div class=\"elementor-spacer\">\n\t\t\t<div class=\"elementor-spacer-inner\"><\/div>\n\t\t<\/div>\n\t\t\t\t\t\t<\/div>\n\t\t\t\t<\/div>\n\t\t\t\t\t<\/div>\n\t\t<\/div>\n\t\t\t\t\t<\/div>\n\t\t<\/section>\n\t\t\t\t<section class=\"elementor-section elementor-top-section elementor-element elementor-element-46ec5c9 elementor-section-boxed elementor-section-height-default elementor-section-height-default\" data-id=\"46ec5c9\" data-element_type=\"section\" data-e-type=\"section\">\n\t\t\t\t\t\t<div class=\"elementor-container elementor-column-gap-default\">\n\t\t\t\t\t<div class=\"elementor-column elementor-col-100 elementor-top-column elementor-element elementor-element-09e27b4\" data-id=\"09e27b4\" data-element_type=\"column\" data-e-type=\"column\">\n\t\t\t<div class=\"elementor-widget-wrap elementor-element-populated\">\n\t\t\t\t\t\t<div class=\"elementor-element elementor-element-879aef9 elementor-widget elementor-widget-heading\" data-id=\"879aef9\" data-element_type=\"widget\" data-e-type=\"widget\" data-widget_type=\"heading.default\">\n\t\t\t\t<div class=\"elementor-widget-container\">\n\t\t\t\t\t<h2 class=\"elementor-heading-title elementor-size-default\">En mayo, la lecher\u00eda vuelve al centro de la escena<\/h2>\t\t\t\t<\/div>\n\t\t\t\t<\/div>\n\t\t\t\t\t<\/div>\n\t\t<\/div>\n\t\t\t\t\t<\/div>\n\t\t<\/section>\n\t\t\t\t<section class=\"elementor-section elementor-top-section elementor-element elementor-element-ebd734f elementor-section-full_width elementor-section-height-default elementor-section-height-default\" data-id=\"ebd734f\" data-element_type=\"section\" data-e-type=\"section\">\n\t\t\t\t\t\t<div class=\"elementor-container elementor-column-gap-default\">\n\t\t\t\t\t<div class=\"elementor-column elementor-col-100 elementor-top-column elementor-element elementor-element-2e4f91f\" data-id=\"2e4f91f\" data-element_type=\"column\" data-e-type=\"column\">\n\t\t\t<div class=\"elementor-widget-wrap elementor-element-populated\">\n\t\t\t\t\t\t<div class=\"elementor-element elementor-element-5f8c5d3 elementor-widget elementor-widget-image\" data-id=\"5f8c5d3\" data-element_type=\"widget\" data-e-type=\"widget\" data-widget_type=\"image.default\">\n\t\t\t\t<div class=\"elementor-widget-container\">\n\t\t\t\t\t\t\t\t\t\t\t\t\t\t\t<img fetchpriority=\"high\" decoding=\"async\" width=\"750\" height=\"105\" src=\"http:\/\/jornadaslecheras.com.ar\/leche\/wp-content\/uploads\/2020\/04\/jlnb.jpg\" class=\"attachment-full size-full wp-image-939\" alt=\"\" srcset=\"http:\/\/jornadaslecheras.com.ar\/leche\/wp-content\/uploads\/2020\/04\/jlnb.jpg 750w, http:\/\/jornadaslecheras.com.ar\/leche\/wp-content\/uploads\/2020\/04\/jlnb-300x42.jpg 300w\" sizes=\"(max-width: 750px) 100vw, 750px\" \/>\t\t\t\t\t\t\t\t\t\t\t\t\t\t\t<\/div>\n\t\t\t\t<\/div>\n\t\t\t\t\t<\/div>\n\t\t<\/div>\n\t\t\t\t\t<\/div>\n\t\t<\/section>\n\t\t\t\t<section class=\"elementor-section elementor-top-section elementor-element elementor-element-3aef001 elementor-section-boxed elementor-section-height-default elementor-section-height-default\" data-id=\"3aef001\" data-element_type=\"section\" data-e-type=\"section\">\n\t\t\t\t\t\t<div class=\"elementor-container elementor-column-gap-default\">\n\t\t\t\t\t<div class=\"elementor-column elementor-col-100 elementor-top-column elementor-element elementor-element-6b76337\" data-id=\"6b76337\" data-element_type=\"column\" data-e-type=\"column\">\n\t\t\t<div class=\"elementor-widget-wrap elementor-element-populated\">\n\t\t\t\t\t\t<div class=\"elementor-element elementor-element-75d8984 elementor-widget elementor-widget-text-editor\" data-id=\"75d8984\" data-element_type=\"widget\" data-e-type=\"widget\" data-widget_type=\"text-editor.default\">\n\t\t\t\t<div class=\"elementor-widget-container\">\n\t\t\t\t\t\t\t\t\t<p><strong>Las decimoquintas Jornadas Lecheras Nacionales 2021, organizadas por TodoAgro, y el Instituto de Ciencias B\u00e1sicas y Aplicadas de la UNVM tendr\u00e1n lugar los d\u00edas <\/strong><strong>12, 19 y 26 de mayo v\u00eda streaming HD.<\/strong><\/p><p>Tras las exitosas experiencias de 2020, las Jornadas Lecheras Nacionales tendr\u00e1n un salto en calidad, y ajustes en toda su concepci\u00f3n y desarrollo, beneficiando y facilitando la concurrencia virtual de miles de productores y t\u00e9cnicos de todo el pa\u00eds y el extranjero.<\/p><p><strong>En esta edici\u00f3n, habr\u00e1 tres etapas con ejes diversos y un mismo objetivo: C\u00f3mo ser m\u00e1s eficiente con menos impacto ambiental.<\/strong><\/p>\t\t\t\t\t\t\t\t<\/div>\n\t\t\t\t<\/div>\n\t\t\t\t\t<\/div>\n\t\t<\/div>\n\t\t\t\t\t<\/div>\n\t\t<\/section>\n\t\t\t\t<section class=\"elementor-section elementor-top-section elementor-element elementor-element-f2ff33d elementor-section-boxed elementor-section-height-default elementor-section-height-default\" data-id=\"f2ff33d\" data-element_type=\"section\" data-e-type=\"section\">\n\t\t\t\t\t\t<div class=\"elementor-container elementor-column-gap-default\">\n\t\t\t\t\t<div class=\"elementor-column elementor-col-100 elementor-top-column elementor-element elementor-element-d29e91a\" data-id=\"d29e91a\" data-element_type=\"column\" data-e-type=\"column\">\n\t\t\t<div class=\"elementor-widget-wrap elementor-element-populated\">\n\t\t\t\t\t\t<div class=\"elementor-element elementor-element-33cac42 elementor-widget-divider--view-line elementor-widget elementor-widget-divider\" data-id=\"33cac42\" data-element_type=\"widget\" data-e-type=\"widget\" data-widget_type=\"divider.default\">\n\t\t\t\t<div class=\"elementor-widget-container\">\n\t\t\t\t\t\t\t<div class=\"elementor-divider\">\n\t\t\t<span class=\"elementor-divider-separator\">\n\t\t\t\t\t\t<\/span>\n\t\t<\/div>\n\t\t\t\t\t\t<\/div>\n\t\t\t\t<\/div>\n\t\t\t\t\t<\/div>\n\t\t<\/div>\n\t\t\t\t\t<\/div>\n\t\t<\/section>\n\t\t\t\t<section class=\"elementor-section elementor-top-section elementor-element elementor-element-8fe99b7 elementor-section-boxed elementor-section-height-default elementor-section-height-default\" data-id=\"8fe99b7\" data-element_type=\"section\" data-e-type=\"section\">\n\t\t\t\t\t\t<div class=\"elementor-container elementor-column-gap-default\">\n\t\t\t\t\t<div class=\"elementor-column elementor-col-100 elementor-top-column elementor-element elementor-element-9cce6fc\" data-id=\"9cce6fc\" data-element_type=\"column\" data-e-type=\"column\">\n\t\t\t<div class=\"elementor-widget-wrap elementor-element-populated\">\n\t\t\t\t\t\t<div class=\"elementor-element elementor-element-195fa41 elementor-widget elementor-widget-image\" data-id=\"195fa41\" data-element_type=\"widget\" data-e-type=\"widget\" data-widget_type=\"image.default\">\n\t\t\t\t<div class=\"elementor-widget-container\">\n\t\t\t\t\t\t\t\t\t\t\t\t\t\t\t<img decoding=\"async\" width=\"3206\" height=\"372\" src=\"http:\/\/jornadaslecheras.com.ar\/leche\/wp-content\/uploads\/2021\/03\/12-de-mayo-01.png\" class=\"attachment-full size-full wp-image-1563\" alt=\"\" srcset=\"http:\/\/jornadaslecheras.com.ar\/leche\/wp-content\/uploads\/2021\/03\/12-de-mayo-01.png 3206w, http:\/\/jornadaslecheras.com.ar\/leche\/wp-content\/uploads\/2021\/03\/12-de-mayo-01-300x35.png 300w, http:\/\/jornadaslecheras.com.ar\/leche\/wp-content\/uploads\/2021\/03\/12-de-mayo-01-1024x119.png 1024w, http:\/\/jornadaslecheras.com.ar\/leche\/wp-content\/uploads\/2021\/03\/12-de-mayo-01-768x89.png 768w, http:\/\/jornadaslecheras.com.ar\/leche\/wp-content\/uploads\/2021\/03\/12-de-mayo-01-1536x178.png 1536w, http:\/\/jornadaslecheras.com.ar\/leche\/wp-content\/uploads\/2021\/03\/12-de-mayo-01-2048x238.png 2048w, http:\/\/jornadaslecheras.com.ar\/leche\/wp-content\/uploads\/2021\/03\/12-de-mayo-01-1920x223.png 1920w\" sizes=\"(max-width: 3206px) 100vw, 3206px\" \/>\t\t\t\t\t\t\t\t\t\t\t\t\t\t\t<\/div>\n\t\t\t\t<\/div>\n\t\t\t\t\t<\/div>\n\t\t<\/div>\n\t\t\t\t\t<\/div>\n\t\t<\/section>\n\t\t\t\t<section class=\"elementor-section elementor-top-section elementor-element elementor-element-ccbf33b elementor-section-boxed elementor-section-height-default elementor-section-height-default\" data-id=\"ccbf33b\" data-element_type=\"section\" data-e-type=\"section\">\n\t\t\t\t\t\t<div class=\"elementor-container elementor-column-gap-default\">\n\t\t\t\t\t<div class=\"elementor-column elementor-col-100 elementor-top-column elementor-element elementor-element-2aa8bc6\" data-id=\"2aa8bc6\" data-element_type=\"column\" data-e-type=\"column\">\n\t\t\t<div class=\"elementor-widget-wrap elementor-element-populated\">\n\t\t\t\t\t\t<div class=\"elementor-element elementor-element-95db54c elementor-widget elementor-widget-text-editor\" data-id=\"95db54c\" data-element_type=\"widget\" data-e-type=\"widget\" data-widget_type=\"text-editor.default\">\n\t\t\t\t<div class=\"elementor-widget-container\">\n\t\t\t\t\t\t\t\t\t<p><strong>*La lecher\u00eda en la era de la Big Data: Sensores, Rob\u00f3tica, lecher\u00eda digital, informaci\u00f3n en tiempo real para producir m\u00e1s con m\u00e1s sustentabilidad. <\/strong><strong>Santiago Utsumi<\/strong>, argentino que es docente en la Universidad de Michigan).<\/p>\n<p><strong>Novedades en el manejo de la reproducci\u00f3n y su impacto en la econom\u00eda de los productores lecheros. Julio Giordano<\/strong>, especialista argentino que es investigador de la Universidad de Cornell, Wisconsin (USA).<\/p>\n<p>*Este primer bloque se enfocar\u00e1 en 4 disertaciones de j\u00f3venes profesionales.<\/p>\n<p>Se cerrar\u00e1 con un panel de j\u00f3venes argentinos que orde\u00f1an y trabajan en diversos pa\u00edses: <strong>Ignacio Scolari(Argentina,),Lucas Sosa(Irlanda), Mart\u00edn Rostagno(Nueva Zelandia) y Bernardo Menichetti (EE.UU).<\/strong><\/p>\t\t\t\t\t\t\t\t<\/div>\n\t\t\t\t<\/div>\n\t\t\t\t\t<\/div>\n\t\t<\/div>\n\t\t\t\t\t<\/div>\n\t\t<\/section>\n\t\t\t\t<section class=\"elementor-section elementor-top-section elementor-element elementor-element-b3a7351 elementor-section-boxed elementor-section-height-default elementor-section-height-default\" data-id=\"b3a7351\" data-element_type=\"section\" data-e-type=\"section\">\n\t\t\t\t\t\t<div class=\"elementor-container elementor-column-gap-default\">\n\t\t\t\t\t<div class=\"elementor-column elementor-col-100 elementor-top-column elementor-element elementor-element-847bf88\" data-id=\"847bf88\" data-element_type=\"column\" data-e-type=\"column\">\n\t\t\t<div class=\"elementor-widget-wrap elementor-element-populated\">\n\t\t\t\t\t\t<div class=\"elementor-element elementor-element-bdbe351 elementor-widget-divider--view-line elementor-widget elementor-widget-divider\" data-id=\"bdbe351\" data-element_type=\"widget\" data-e-type=\"widget\" data-widget_type=\"divider.default\">\n\t\t\t\t<div class=\"elementor-widget-container\">\n\t\t\t\t\t\t\t<div class=\"elementor-divider\">\n\t\t\t<span class=\"elementor-divider-separator\">\n\t\t\t\t\t\t<\/span>\n\t\t<\/div>\n\t\t\t\t\t\t<\/div>\n\t\t\t\t<\/div>\n\t\t\t\t\t<\/div>\n\t\t<\/div>\n\t\t\t\t\t<\/div>\n\t\t<\/section>\n\t\t\t\t<section class=\"elementor-section elementor-top-section elementor-element elementor-element-b6b8f4a elementor-section-boxed elementor-section-height-default elementor-section-height-default\" data-id=\"b6b8f4a\" data-element_type=\"section\" data-e-type=\"section\">\n\t\t\t\t\t\t<div class=\"elementor-container elementor-column-gap-default\">\n\t\t\t\t\t<div class=\"elementor-column elementor-col-100 elementor-top-column elementor-element elementor-element-eac4731\" data-id=\"eac4731\" data-element_type=\"column\" data-e-type=\"column\">\n\t\t\t<div class=\"elementor-widget-wrap elementor-element-populated\">\n\t\t\t\t\t\t<div class=\"elementor-element elementor-element-a4d7bff elementor-widget elementor-widget-image\" data-id=\"a4d7bff\" data-element_type=\"widget\" data-e-type=\"widget\" data-widget_type=\"image.default\">\n\t\t\t\t<div class=\"elementor-widget-container\">\n\t\t\t\t\t\t\t\t\t\t\t\t\t\t\t<img decoding=\"async\" width=\"3206\" height=\"372\" src=\"http:\/\/jornadaslecheras.com.ar\/leche\/wp-content\/uploads\/2021\/03\/19-de-mayo-01-01.png\" class=\"attachment-full size-full wp-image-1562\" alt=\"\" srcset=\"http:\/\/jornadaslecheras.com.ar\/leche\/wp-content\/uploads\/2021\/03\/19-de-mayo-01-01.png 3206w, http:\/\/jornadaslecheras.com.ar\/leche\/wp-content\/uploads\/2021\/03\/19-de-mayo-01-01-300x35.png 300w, http:\/\/jornadaslecheras.com.ar\/leche\/wp-content\/uploads\/2021\/03\/19-de-mayo-01-01-1024x119.png 1024w, http:\/\/jornadaslecheras.com.ar\/leche\/wp-content\/uploads\/2021\/03\/19-de-mayo-01-01-768x89.png 768w, http:\/\/jornadaslecheras.com.ar\/leche\/wp-content\/uploads\/2021\/03\/19-de-mayo-01-01-1536x178.png 1536w, http:\/\/jornadaslecheras.com.ar\/leche\/wp-content\/uploads\/2021\/03\/19-de-mayo-01-01-2048x238.png 2048w, http:\/\/jornadaslecheras.com.ar\/leche\/wp-content\/uploads\/2021\/03\/19-de-mayo-01-01-1920x223.png 1920w\" sizes=\"(max-width: 3206px) 100vw, 3206px\" \/>\t\t\t\t\t\t\t\t\t\t\t\t\t\t\t<\/div>\n\t\t\t\t<\/div>\n\t\t\t\t\t<\/div>\n\t\t<\/div>\n\t\t\t\t\t<\/div>\n\t\t<\/section>\n\t\t\t\t<section class=\"elementor-section elementor-top-section elementor-element elementor-element-3ae99d1 elementor-section-boxed elementor-section-height-default elementor-section-height-default\" data-id=\"3ae99d1\" data-element_type=\"section\" data-e-type=\"section\">\n\t\t\t\t\t\t<div class=\"elementor-container elementor-column-gap-default\">\n\t\t\t\t\t<div class=\"elementor-column elementor-col-100 elementor-top-column elementor-element elementor-element-259b17f\" data-id=\"259b17f\" data-element_type=\"column\" data-e-type=\"column\">\n\t\t\t<div class=\"elementor-widget-wrap elementor-element-populated\">\n\t\t\t\t\t\t<div class=\"elementor-element elementor-element-ce11c1a elementor-widget elementor-widget-text-editor\" data-id=\"ce11c1a\" data-element_type=\"widget\" data-e-type=\"widget\" data-widget_type=\"text-editor.default\">\n\t\t\t\t<div class=\"elementor-widget-container\">\n\t\t\t\t\t\t\t\t\t<p><strong>-La ruta del confinamiento. Hacia d\u00f3nde van los sistemas.Ing. Juan Leandro Monge, docente de la UNVM y asesor privado.<\/strong><\/p><p><strong>-Es decisivo ajustar y mejorar la eficiencia de conversi\u00f3n. <\/strong><strong>Gustavo Toro<\/strong><strong>, Gerente Estaci\u00f3n Ecofeed en STgenetics Navasota (USA).<\/strong><\/p><p><strong>-El Bienestar animal, el mejor negocio de la lecher\u00eda.Investigaci\u00f3n sobre la vida de las vacas en diversos sistemas.Isabel Blanco-Penedo, <\/strong>Departamento de Ciencia Animal de la Universidad de Lleida (Espa\u00f1a). Investigadora en la Unidad de Epidemiolog\u00eda Veterinaria de la Universidad de Ciencias Agrarias Sueca.<\/p><p><strong>Ventajas, limitantes y desaf\u00edos de sistemas de confinamiento reales en Argentina y Uruguay.<\/strong><\/p><p>Panel con productores que han encerrado vacas con el sistema Dry\u00a0 Loten grandes piquetes o ensenada(<strong>Ing. Leonardo Cassi<\/strong>), Cama fr\u00eda o Drylot techado (<strong>Mart\u00edn Bono<\/strong>), cama caliente\/compost (<strong>Luis Vittori<\/strong>), Confinamiento \u00aba la uruguaya\u00bb en sistema compost, con estructuras de madera y techo de pl\u00e1stico <strong>(Andr\u00e9 Mond\u00f3n, Uruguay<\/strong>) y Free stall (<strong>Fernando Piatti<\/strong>).<\/p>\t\t\t\t\t\t\t\t<\/div>\n\t\t\t\t<\/div>\n\t\t\t\t\t<\/div>\n\t\t<\/div>\n\t\t\t\t\t<\/div>\n\t\t<\/section>\n\t\t\t\t<section class=\"elementor-section elementor-top-section elementor-element elementor-element-f037396 elementor-section-boxed elementor-section-height-default elementor-section-height-default\" data-id=\"f037396\" data-element_type=\"section\" data-e-type=\"section\">\n\t\t\t\t\t\t<div class=\"elementor-container elementor-column-gap-default\">\n\t\t\t\t\t<div class=\"elementor-column elementor-col-100 elementor-top-column elementor-element elementor-element-5053271\" data-id=\"5053271\" data-element_type=\"column\" data-e-type=\"column\">\n\t\t\t<div class=\"elementor-widget-wrap elementor-element-populated\">\n\t\t\t\t\t\t<div class=\"elementor-element elementor-element-ce4aced elementor-widget-divider--view-line elementor-widget elementor-widget-divider\" data-id=\"ce4aced\" data-element_type=\"widget\" data-e-type=\"widget\" data-widget_type=\"divider.default\">\n\t\t\t\t<div class=\"elementor-widget-container\">\n\t\t\t\t\t\t\t<div class=\"elementor-divider\">\n\t\t\t<span class=\"elementor-divider-separator\">\n\t\t\t\t\t\t<\/span>\n\t\t<\/div>\n\t\t\t\t\t\t<\/div>\n\t\t\t\t<\/div>\n\t\t\t\t\t<\/div>\n\t\t<\/div>\n\t\t\t\t\t<\/div>\n\t\t<\/section>\n\t\t\t\t<section class=\"elementor-section elementor-top-section elementor-element elementor-element-0532b8d elementor-section-boxed elementor-section-height-default elementor-section-height-default\" data-id=\"0532b8d\" data-element_type=\"section\" data-e-type=\"section\">\n\t\t\t\t\t\t<div class=\"elementor-container elementor-column-gap-default\">\n\t\t\t\t\t<div class=\"elementor-column elementor-col-100 elementor-top-column elementor-element elementor-element-ad59dde\" data-id=\"ad59dde\" data-element_type=\"column\" data-e-type=\"column\">\n\t\t\t<div class=\"elementor-widget-wrap elementor-element-populated\">\n\t\t\t\t\t\t<div class=\"elementor-element elementor-element-223594b elementor-widget elementor-widget-image\" data-id=\"223594b\" data-element_type=\"widget\" data-e-type=\"widget\" data-widget_type=\"image.default\">\n\t\t\t\t<div class=\"elementor-widget-container\">\n\t\t\t\t\t\t\t\t\t\t\t\t\t\t\t<img loading=\"lazy\" decoding=\"async\" width=\"3206\" height=\"372\" src=\"http:\/\/jornadaslecheras.com.ar\/leche\/wp-content\/uploads\/2021\/03\/26-de-mayo-01.png\" class=\"attachment-full size-full wp-image-1561\" alt=\"\" srcset=\"http:\/\/jornadaslecheras.com.ar\/leche\/wp-content\/uploads\/2021\/03\/26-de-mayo-01.png 3206w, http:\/\/jornadaslecheras.com.ar\/leche\/wp-content\/uploads\/2021\/03\/26-de-mayo-01-300x35.png 300w, http:\/\/jornadaslecheras.com.ar\/leche\/wp-content\/uploads\/2021\/03\/26-de-mayo-01-1024x119.png 1024w, http:\/\/jornadaslecheras.com.ar\/leche\/wp-content\/uploads\/2021\/03\/26-de-mayo-01-768x89.png 768w, http:\/\/jornadaslecheras.com.ar\/leche\/wp-content\/uploads\/2021\/03\/26-de-mayo-01-1536x178.png 1536w, http:\/\/jornadaslecheras.com.ar\/leche\/wp-content\/uploads\/2021\/03\/26-de-mayo-01-2048x238.png 2048w, http:\/\/jornadaslecheras.com.ar\/leche\/wp-content\/uploads\/2021\/03\/26-de-mayo-01-1920x223.png 1920w\" sizes=\"(max-width: 3206px) 100vw, 3206px\" \/>\t\t\t\t\t\t\t\t\t\t\t\t\t\t\t<\/div>\n\t\t\t\t<\/div>\n\t\t\t\t\t<\/div>\n\t\t<\/div>\n\t\t\t\t\t<\/div>\n\t\t<\/section>\n\t\t\t\t<section class=\"elementor-section elementor-top-section elementor-element elementor-element-631d8c4 elementor-section-boxed elementor-section-height-default elementor-section-height-default\" data-id=\"631d8c4\" data-element_type=\"section\" data-e-type=\"section\">\n\t\t\t\t\t\t<div class=\"elementor-container elementor-column-gap-default\">\n\t\t\t\t\t<div class=\"elementor-column elementor-col-100 elementor-top-column elementor-element elementor-element-aa2b6bd\" data-id=\"aa2b6bd\" data-element_type=\"column\" data-e-type=\"column\">\n\t\t\t<div class=\"elementor-widget-wrap elementor-element-populated\">\n\t\t\t\t\t\t<div class=\"elementor-element elementor-element-1acc59a elementor-widget elementor-widget-text-editor\" data-id=\"1acc59a\" data-element_type=\"widget\" data-e-type=\"widget\" data-widget_type=\"text-editor.default\">\n\t\t\t\t<div class=\"elementor-widget-container\">\n\t\t\t\t\t\t\t\t\t<p><strong>La lecher\u00eda argentina y la productividad por vaca.\u00bfCu\u00e1nto nos falta para el techo. \u00bfQu\u00e9 hacer?Mario Ledesma Arocena, experto en Nutrici\u00f3n Animal.<\/strong><strong>Director de Nutrefeed.<\/strong><\/p>\n<p><strong>La reproducci\u00f3n, el Tal\u00f3n de Aquiles de los sistemas lecheros mundiales. Ideas para no perder el tren.<\/strong><\/p>\n<p><strong>Christian Rippe Sierra,<\/strong>doctor en Medicina veterinaria. Oriundo de Colombai, reside en EE.UU.. Cuenta con una extensa experiencia en servicios t\u00e9cnicos en USA, Sudam\u00e9rica y El Caribe en explotaciones lecheras.<\/p>\n<p><span style=\"text-decoration: underline;\"><strong>PANEL SOBRE SISTEMAS SUSTENTABLES EN ARGENTINA<\/strong><\/span><\/p>\n<p><strong>Tambo intensivo + F\u00e1brica de quesos. Como integrar verticalmente la producci\u00f3n.<br><\/strong><em>Familia propietaria de tambo intensivo y f\u00e1brica.<\/em><\/p>\n<p><strong>Eficientizaci\u00f3n de sistemas pastoriles + cruzamientos y escala. <br><\/strong><em>Jos\u00e9 Luis Schnidrig, Agropecuaria las Mar\u00edas (Sarmiento, Santa Fe).<\/em><\/p>\n<p><strong>Sistemas mixtos con alto nivel de automatizaci\u00f3n. <br><\/strong><em>Carlos Turchi, Establecimiento San Silvestre (Trenque Lauquen, Buenos Aires).<\/em><\/p>\n<p><strong>Lecher\u00eda en Misiones: Asociativismo, integraci\u00f3n e industrializaci\u00f3n.<\/strong><br><strong>Lic. Sebasti\u00e1n Oriozabala<\/strong> \u2013 Ministro del Agro y la Producci\u00f3n de la Provincia de Misiones. <strong>Med. Vet. Victoria Garcia Giugno<\/strong> \u2013 Directora Prod. Animal del Ministerio del Agro y la Producci\u00f3n <strong>Andrea Schwingel<\/strong> &#8211; Maestra quesera &#8211; Cooperativa Sarand\u00ed, El Soberbio.<br><strong>Lidia Leske<\/strong>, productora tambera \u2013 Cooperativa Alto Uruguay Limitada, Colonia Aurora.<\/p>\t\t\t\t\t\t\t\t<\/div>\n\t\t\t\t<\/div>\n\t\t\t\t\t<\/div>\n\t\t<\/div>\n\t\t\t\t\t<\/div>\n\t\t<\/section>\n\t\t\t\t<section class=\"elementor-section elementor-top-section elementor-element elementor-element-23d68d7 elementor-section-boxed elementor-section-height-default elementor-section-height-default\" data-id=\"23d68d7\" data-element_type=\"section\" data-e-type=\"section\">\n\t\t\t\t\t\t<div class=\"elementor-container elementor-column-gap-default\">\n\t\t\t\t\t<div class=\"elementor-column elementor-col-100 elementor-top-column elementor-element elementor-element-2a73178\" data-id=\"2a73178\" data-element_type=\"column\" data-e-type=\"column\">\n\t\t\t<div class=\"elementor-widget-wrap elementor-element-populated\">\n\t\t\t\t\t\t<div class=\"elementor-element elementor-element-5167feb elementor-widget-divider--view-line elementor-widget elementor-widget-divider\" data-id=\"5167feb\" data-element_type=\"widget\" data-e-type=\"widget\" data-widget_type=\"divider.default\">\n\t\t\t\t<div class=\"elementor-widget-container\">\n\t\t\t\t\t\t\t<div class=\"elementor-divider\">\n\t\t\t<span class=\"elementor-divider-separator\">\n\t\t\t\t\t\t<\/span>\n\t\t<\/div>\n\t\t\t\t\t\t<\/div>\n\t\t\t\t<\/div>\n\t\t\t\t\t<\/div>\n\t\t<\/div>\n\t\t\t\t\t<\/div>\n\t\t<\/section>\n\t\t\t\t<section class=\"elementor-section elementor-top-section elementor-element elementor-element-990d40f elementor-section-boxed elementor-section-height-default elementor-section-height-default\" data-id=\"990d40f\" data-element_type=\"section\" data-e-type=\"section\">\n\t\t\t\t\t\t<div class=\"elementor-container elementor-column-gap-default\">\n\t\t\t\t\t<div class=\"elementor-column elementor-col-100 elementor-top-column elementor-element elementor-element-d4564ed\" data-id=\"d4564ed\" data-element_type=\"column\" data-e-type=\"column\">\n\t\t\t<div class=\"elementor-widget-wrap elementor-element-populated\">\n\t\t\t\t\t\t<div class=\"elementor-element elementor-element-9e7715a elementor-button-info elementor-align-center elementor-widget elementor-widget-button\" data-id=\"9e7715a\" data-element_type=\"widget\" data-e-type=\"widget\" data-widget_type=\"button.default\">\n\t\t\t\t<div class=\"elementor-widget-container\">\n\t\t\t\t\t\t\t\t\t<div class=\"elementor-button-wrapper\">\n\t\t\t\t\t<a class=\"elementor-button elementor-button-link elementor-size-md\" href=\"http:\/\/jornadaslecheras.com.ar\/leche\/inscripciones\/\">\n\t\t\t\t\t\t<span class=\"elementor-button-content-wrapper\">\n\t\t\t\t\t\t\t\t\t<span class=\"elementor-button-text\">Inscribirse<\/span>\n\t\t\t\t\t<\/span>\n\t\t\t\t\t<\/a>\n\t\t\t\t<\/div>\n\t\t\t\t\t\t\t\t<\/div>\n\t\t\t\t<\/div>\n\t\t\t\t\t<\/div>\n\t\t<\/div>\n\t\t\t\t\t<\/div>\n\t\t<\/section>\n\t\t\t\t<\/div>\n\t\t","protected":false},"excerpt":{"rendered":"<p>En mayo, la lecher\u00eda vuelve al centro de la escena Las decimoquintas Jornadas Lecheras Nacionales 2021, organizadas por TodoAgro, y el Instituto de Ciencias B\u00e1sicas y Aplicadas de la UNVM tendr\u00e1n lugar los d\u00edas 12, 19 y 26 de mayo v\u00eda streaming HD. Tras las exitosas experiencias de 2020, las Jornadas Lecheras Nacionales tendr\u00e1n un&hellip; <br \/> <a class=\"read-more\" href=\"http:\/\/jornadaslecheras.com.ar\/leche\/programa\/\">Leer m\u00e1s<\/a><\/p>\n","protected":false},"author":3,"featured_media":0,"parent":0,"menu_order":0,"comment_status":"closed","ping_status":"closed","template":"elementor_header_footer","meta":{"footnotes":""},"class_list":["post-52","page","type-page","status-publish","hentry"],"_links":{"self":[{"href":"http:\/\/jornadaslecheras.com.ar\/leche\/wp-json\/wp\/v2\/pages\/52","targetHints":{"allow":["GET"]}}],"collection":[{"href":"http:\/\/jornadaslecheras.com.ar\/leche\/wp-json\/wp\/v2\/pages"}],"about":[{"href":"http:\/\/jornadaslecheras.com.ar\/leche\/wp-json\/wp\/v2\/types\/page"}],"author":[{"embeddable":true,"href":"http:\/\/jornadaslecheras.com.ar\/leche\/wp-json\/wp\/v2\/users\/3"}],"replies":[{"embeddable":true,"href":"http:\/\/jornadaslecheras.com.ar\/leche\/wp-json\/wp\/v2\/comments?post=52"}],"version-history":[{"count":74,"href":"http:\/\/jornadaslecheras.com.ar\/leche\/wp-json\/wp\/v2\/pages\/52\/revisions"}],"predecessor-version":[{"id":2095,"href":"http:\/\/jornadaslecheras.com.ar\/leche\/wp-json\/wp\/v2\/pages\/52\/revisions\/2095"}],"wp:attachment":[{"href":"http:\/\/jornadaslecheras.com.ar\/leche\/wp-json\/wp\/v2\/media?parent=52"}],"curies":[{"name":"wp","href":"https:\/\/api.w.org\/{rel}","templated":true}]}}